 + h**3 + 94*h + 35*h**2 - 86 - 2*h**3. What is the remainder when 147 is divided by t(37)?
6
Let h(a) = a - 35. Let q(j) = -2*j + 36. Let s(g) = -5*h(g) - 4*q(g). Let k be (-2)/6 + (-176)/(-24). Calculate the remainder when s(k) is divided by 11.
8
Let d = 3059 - 3057. Calculate the remainder when 72 is divided by d.
0
Let d(u) = -u**3 + 13 + u**2 + 18*u + 10*u**2 - 24*u. Suppose -2*o - 733 = -753. Calculate the remainder when 263 is divided by d(o).
51
Suppose -5*r - 2*t + 646 = 0, 193*t = -4*r + 198*t + 464. What is the remainder when 362 is divided by r?
110
Let p(r) = -10*r**3 + 3*r**2 + 5*r + 3. Let z be p(-3). Calculate the remainder when (159/(-12))/(2*(-16)/128) is divided by 2/(-4) + z/10.
25
Let o(v) = -132*v - 4030. Calculate the remainder when o(-35) is divided by 21.
2
Let p(k) = 4*k**2 - 47*k + 175. What is the remainder when 4326 is divided by p(6)?
34
Suppose 32*z - 35*z = -9. Suppose 0 = -k + 4*w - 47, 2*w - 64 = z*k + 67. Let h = k - -54. Calculate the remainder when 31 is divided by h.
9
Let t = -19160 + 19313. Calculate the remainder when 1069 is divided by t.
151
Suppose -5*m + 85 = -2*l, -68 = 4*m - 8*m - l. Calculate the remainder when 270 is divided by m*2/3*(-10 - -13).
32
Let d(n) = n**3 - 20*n**2 + 22*n - 62. Let w be d(19). What is the remainder when (w + 4)*((-290)/2 - -1) is divided by 17?
8
Suppose 4*f - 231 = -7*f. Suppose -f*s = -1506 - 18843. What is the remainder when s is divided by 54?
51
Let l = -75 + 66. Let k(u) = -u**2 - 12*u - 21. Let j be k(l). Suppose -5*g + j*t = t - 190, -t + 1 = 0. What is the remainder when g is divided by 21?
18
Let x be (2/3)/(16/72). Suppose 0 = x*j - 152 - 10. Suppose -4*c + 4*d + 10 = -6, -5*d + 36 = 2*c. Calculate the remainder when j is divided by c.
6
Let t(i) = -3*i - 4. Suppose -4*z - 2*d = -d + 17, 5*d = 5*z - 10. What is the remainder when 103*z*4/(-12) is divided by t(-10)?
25
Suppose -4*t + 0*t - 20 = 0. What is the remainder when -1*31/1*t is divided by (312/(-15))/((-6)/(-15)*-1)?
51
Let x = 13320 + -13210. Let i(k) = -k**2 + 7*k - 4. Let o be i(6). Suppose -78 = -5*y + o*c, -c = 5*y + 2*c - 58. What is the remainder when x is divided by y?
12
Let b(q) = q + 22. Let s be b(0). Suppose -g - 4*r + s = -12, 0 = r - 4. Suppose -g*y = -21*y + 63. Calculate the remainder when y is divided by 5.
1
Suppose -732 = -4*s - z, -s + 168 = 4*z - 30. Calculate the remainder when 5636 is divided by s.
176
Suppose 42 = 3*x - 2*p, p = 5*x + 3*p - 54. Suppose -2*f = 2*o - 14, -4*f + 5*o = o + x. Suppose i - 2 - f = 0. Calculate the remainder when 15 is divided by i.
3
Suppose 5*o = 4*o + 54. Let q be 2 + (-4)/18 + (-2544)/(-27). Suppose 8*r - 3*r = -4*f + q, 3*r + f - 59 = 0. Calculate the remainder when o is divided by r.
14
Calculate the remainder when 200 is divided by (-28428)/(-360) - 10/(-300).
42
Let n(s) = -6*s - 21. Let u = -88 + 83. Suppose 2*g - 53 - 71 = 0. Calculate the remainder when g is divided by n(u).
8
Let f(w) = -w**3 + 166*w**2 + w + 283. Calculate the remainder when f(166) is divided by 113.
110
Suppose 4*k + 15 = 5*k. Calculate the remainder when (-430)/(-2) - 32*(-16)/(-64) is divided by k.
12
Suppose 201*v - 198*v = 39. Suppose 2*f = f + 35. What is the remainder when f is divided by v?
9
Let a = 12 - -5. Let v = 1605 - 1540. Calculate the remainder when v is divided by a.
14
Suppose -22*f + 16*f + 13600 = 4*x, -3*x = -f + 2296. Calculate the remainder when f is divided by 9.
4
Let k = -381 + 381. Suppose -7*i + 2163 = -k*i. Calculate the remainder when i is divided by 24.
21
Calculate the remainder when 1080 is divided by 0 + 12 + -29 + 49.
24
Suppose 2*b - 3*m - 41 = 0, 5*b - 2*m - 43 - 65 = 0. Calculate the remainder when b/(-8)*(-5 - 15) is divided by 11.
0
Suppose -205*x - 1341 + 2093 = -1913. Calculate the remainder when 583 is divided by x.
11
Suppose -4*b + 12 = 2*r, -4*r + r - 4*b = -14. Suppose -4*k + 4 = r*o, 0 = 4*o - 11*k + 15*k - 12. Calculate the remainder when 41 is divided by o.
1
Suppose -2*x + 3 = h + x, -h + x + 11 = 0. Let d = -233 + 157. Let a = d - -93. What is the remainder when a is divided by h?
8
Suppose -a - 2 = a. Calculate the remainder when (-6 + 5)*-11 + -9 - -6 is divided by (1/(-3))/(a/6).
0
Let t = -4422 + 4453. Calculate the remainder when 71 is divided by t.
9
Suppose -4*i + 0*i = -368. Let m(k) = -4*k + 241. What is the remainder when m(-31) is divided by i?
89
Let r = 285 + -188. Let j = -66 + r. Let f(a) = -3*a**3 - a**2 + 127*a + 246. What is the remainder when j is divided by f(-2)?
7
Calculate the remainder when (2 + (-1222)/8)*1*(-164)/123 is divided by 72.
57
Let b(n) = 17 - 5*n - n**3 - 16 + 18*n**2 + 10. Let i be b(18). Let f = i - -93. Calculate the remainder when 207 is divided by f.
11
Let m(d) = -2*d - 13. Let a be m(-6). Let u = 44 - a. Suppose -12 = 4*n, -8*k + 9*k = -n + 131. Calculate the remainder when k is divided by u.
44
Suppose -212 = -44*w - 80. Suppose -3*k + 283 = 4*a, k + w*a - 479 = -4*k. Calculate the remainder when k is divided by 10.
7
Let w(z) = -832*z - 442574. Suppose -5*u = 13 + 142. Let h = u + 45. Calculate the remainder when w(-532) is divided by h.
8
Let n(p) = 3*p**2 + 3*p + 4. Calculate the remainder when n(-5) is divided by ((-7 + -231)/7)/(-2).
13
What is the remainder when 2577 is divided by (-1 + (-6)/4)/(-9 + (-47985)/(-5334))?
37
Let b = -79 - -70. Let k be (3 - b/(-2))*6/(-1). What is the remainder when 12 is divided by k + 0 - (-2 + 6)?
2
Suppose -112 - 168 = -56*h. Suppose -4*d = -3*d - 189. Suppose -d = -h*z - 59. What is the remainder when 75 is divided by z?
23
Suppose -4*d + 145 = 61. Let l(x) = -3*x**2 + 65*x - 29. What is the remainder when 31 is divided by l(d)?
5
Suppose w - 3 = -r, w + 5*r - 27 = -8. What is the remainder when (-8 + 189)*(3/w - -4) is divided by 14?
13
Let v = 21063 - 20971. What is the remainder when 549 is divided by v?
89
Let t(a) = 4*a + 135. Let f(v) = v**2 + 18*v + 32. Let q be f(-16). Let i be t(q). Suppose -19*m = -16*m - i. What is the remainder when 223 is divided by m?
43
Suppose -2*g + 3*y = 2*y - 31, 3*g + 5*y = 40. Calculate the remainder when (((-4)/40)/((-58)/3915))/(3/132) is divided by g.
12
Calculate the remainder when 48/(-128) - 16358/(-16) - (-8 - -3) is divided by 86.
81
Let i = -90 + 98. Calculate the remainder when 59 is divided by -10*7/((-28)/i).
19
Let d(c) = -c**3 + 13*c**2 - 11*c + 6. Let w(r) = -21*r + 408. Calculate the remainder when d(11) is divided by w(18).
7
Suppose 9 = 3*o - 3, 0 = 4*f + 2*o - 1060. Calculate the remainder when 21826 is divided by f.
260
Let o be -4*(-5)/(-80) + 2/8. Suppose 22*j - 21*j - 61 = o. Calculate the remainder when j is divided by 16.
13
Let v be (-3)/1 + 16 + -4 + -6. Suppose 0 = -3*d + 2*y + 2, -1 = d + 3*y + 13. What is the remainder when 55 is divided by 205/10 + v/d?
17
Calculate the remainder when 1830 is divided by (-13)/((-221)/10557) - 12.
3
Suppose 3*k - 5*n = 88, n + 0 = -2*k + 37. Suppose -d - 6*m + 58 = -3*m, -4*m + 4 = 0. What is the remainder when d is divided by k?
13
Let d = 41 + -28. Suppose 19*q - 28 = 352. Calculate the remainder when 10 + q - 8/(-2) is divided by d.
8
Suppose 180 = h + 8*h. Let y(t) = t**2 - 17*t + 125. Calculate the remainder when y(6) is divided by h.
19
Let y be (-12)/9*9/(-4). Suppose -2*w + 70 = y*w. Calculate the remainder when (-1076)/(-16) + 6/(-24) is divided by w.
11
Let s(j) = -247*j - 1352. Calculate the remainder when s(-8) is divided by 26.
0
Suppose 13*v - v = 240. Suppose -4*k - 5*b = 35, -v = 7*k - 6*k - b. Let z(w) = w**3 + 14*w**2 - 18*w - 21. What is the remainder when 59 is divided by z(k)?
11
Calculate the remainder when (-18792)/348*1874/(-12) is divided by 76.
73
Let c be 472120/1210 + 4/(-22). Let p = c - 354. Suppose 3*a + 3*d = 762, a + d - 4*d - 242 = 0. What is the remainder when a is divided by p?
35
Suppose -3*v - 4*d + 55 = 0, 2*v - 35 = v + 2*d. Calculate the remainder when -2 + 28/12 - 580/(-6) is divided by v.
22
Let h = -41 - -37. Let n be ((-1032)/16)/((-2)/h). Let t = n + 194. What is the remainder when t is divided by 25?
15
Suppose 0 = w + 4*t - 17, 6*w + 23*t - 21*t = 80. Calculate the remainder when 334 is divided by w.
9
Let x = 108 - -16. Suppose x + 62 = 3*g. What is the remainder when g is divid